{"id":7,"date":"2017-07-28T13:54:16","date_gmt":"2017-07-28T11:54:16","guid":{"rendered":"http:\/\/gs-pfingstweide.de\/?page_id=7"},"modified":"2026-04-14T08:32:10","modified_gmt":"2026-04-14T06:32:10","slug":"startseite","status":"publish","type":"page","link":"https:\/\/gs-pfingstweide.de\/","title":{"rendered":"Aktuelle Informationen"},"content":{"rendered":"\n<p class=\"has-black-color has-electric-grass-gradient-background has-text-color has-background has-link-color has-medium-font-size wp-elements-192d89b226c37fd1a5d5dd78aa4eebbf\"><\/p>\n\n\n\n<figure class=\"wp-block-image size-medium is-resized\"><img loading=\"lazy\" decoding=\"async\" width=\"300\" height=\"268\" src=\"https:\/\/gs-pfingstweide.de\/wp-content\/uploads\/2024\/02\/traffic-sign-6621_1280-300x268.webp\" alt=\"\" class=\"wp-image-2403\" style=\"width:163px;height:auto\" srcset=\"https:\/\/gs-pfingstweide.de\/wp-content\/uploads\/2024\/02\/traffic-sign-6621_1280-300x268.webp 300w, https:\/\/gs-pfingstweide.de\/wp-content\/uploads\/2024\/02\/traffic-sign-6621_1280-1024x914.webp 1024w, https:\/\/gs-pfingstweide.de\/wp-content\/uploads\/2024\/02\/traffic-sign-6621_1280-768x685.webp 768w, https:\/\/gs-pfingstweide.de\/wp-content\/uploads\/2024\/02\/traffic-sign-6621_1280.webp 1280w\" sizes=\"auto, (max-width: 300px) 100vw, 300px\" \/><\/figure>\n\n\n\n<p class=\"has-white-color has-vivid-red-background-color has-text-color has-background has-link-color has-small-font-size wp-elements-b138b07585bf6e6c5c918776a01c33c6\"><strong>Unfallgefahr vor der Schule!<\/strong><br><br>Liebe Eltern,<br>immer  wieder kommt es zu sehr gef\u00e4hrlichen Situationen vor der Schule, da Eltern ihre Kinder mit dem Auto zur Schule bringen und Einfahrten zuparken, mitten auf der Stra\u00dfe halten oder wenden etc.<br><br><strong>F\u00fcr die Sicherheit unserer Kinder bitten wir darum:<\/strong><br>&#8211; Verhalten Sie sich bitte vorsichtig und r\u00fccksichtsvoll!<br>&#8211; Parken Sie nicht direkt gegen\u00fcber der Schule!<br>&#8211; Lassen Sie Ihr Kind zu Fu\u00df zur Schule laufen!<br>Vielen Dank!<\/p>\n\n\n\n<p><strong>Hinweis zur Betreuenden Grundschule:<\/strong><br>Eltern, die Ihre Kinder vor 14.00 Uhr abholen wollen, d\u00fcrfen das Schulhaus nicht betreten. Am besten melden Sie sich in diesem Fall telefonisch unter <br>0621-504-423513.<\/p>\n\n\n\n<p class=\"has-vivid-red-color has-text-color\">Hinweis an die Eltern unserer Sch\u00fclerinnen und Sch\u00fcler:<br>Eine Schulhomepage lebt vor allem auch von Fotos. Sollten Sie hier Bilder Ihres Kindes entdecken, mit  deren Verwendung Sie nicht einverstanden sind, geben Sie uns bitte  Bescheid, damit wir diese entfernen.<\/p>\n\n\n\n<p>Letzte Aktualisierung am 14.04.2026<\/p>\n\n\n\n<figure class=\"wp-block-image size-large\"><img loading=\"lazy\" decoding=\"async\" width=\"1024\" height=\"510\" src=\"https:\/\/gs-pfingstweide.de\/wp-content\/uploads\/2023\/08\/185_19_Logo_Digitalpakt_Schule_02-1024x510.jpg\" alt=\"\" class=\"wp-image-2159\" srcset=\"https:\/\/gs-pfingstweide.de\/wp-content\/uploads\/2023\/08\/185_19_Logo_Digitalpakt_Schule_02-1024x510.jpg 1024w, https:\/\/gs-pfingstweide.de\/wp-content\/uploads\/2023\/08\/185_19_Logo_Digitalpakt_Schule_02-300x149.jpg 300w, https:\/\/gs-pfingstweide.de\/wp-content\/uploads\/2023\/08\/185_19_Logo_Digitalpakt_Schule_02-768x382.jpg 768w, https:\/\/gs-pfingstweide.de\/wp-content\/uploads\/2023\/08\/185_19_Logo_Digitalpakt_Schule_02.jpg 1466w\" sizes=\"auto, (max-width: 767px) 89vw, (max-width: 1000px) 54vw, (max-width: 1071px) 543px, 580px\" \/><\/figure>\n","protected":false},"excerpt":{"rendered":"<p>Unfallgefahr vor der Schule! Liebe Eltern,immer wieder kommt es zu sehr gef\u00e4hrlichen Situationen vor der Schule, da Eltern ihre Kinder mit dem Auto zur Schule bringen und Einfahrten zuparken, mitten auf der Stra\u00dfe halten oder wenden etc. F\u00fcr die Sicherheit unserer Kinder bitten wir darum:&#8211; Verhalten Sie sich bitte vorsichtig und r\u00fccksichtsvoll!&#8211; Parken Sie nicht &hellip; <\/p>\n<p class=\"link-more\"><a href=\"https:\/\/gs-pfingstweide.de\/\" class=\"more-link\"><span class=\"screen-reader-text\">\u201eAktuelle Informationen\u201c <\/span>weiterlesen<\/a><\/p>\n","protected":false},"author":1,"featured_media":0,"parent":0,"menu_order":0,"comment_status":"closed","ping_status":"closed","template":"","meta":{"footnotes":""},"class_list":["post-7","page","type-page","status-publish","hentry"],"_links":{"self":[{"href":"https:\/\/gs-pfingstweide.de\/index.php?rest_route=\/wp\/v2\/pages\/7","targetHints":{"allow":["GET"]}}],"collection":[{"href":"https:\/\/gs-pfingstweide.de\/index.php?rest_route=\/wp\/v2\/pages"}],"about":[{"href":"https:\/\/gs-pfingstweide.de\/index.php?rest_route=\/wp\/v2\/types\/page"}],"author":[{"embeddable":true,"href":"https:\/\/gs-pfingstweide.de\/index.php?rest_route=\/wp\/v2\/users\/1"}],"replies":[{"embeddable":true,"href":"https:\/\/gs-pfingstweide.de\/index.php?rest_route=%2Fwp%2Fv2%2Fcomments&post=7"}],"version-history":[{"count":374,"href":"https:\/\/gs-pfingstweide.de\/index.php?rest_route=\/wp\/v2\/pages\/7\/revisions"}],"predecessor-version":[{"id":3315,"href":"https:\/\/gs-pfingstweide.de\/index.php?rest_route=\/wp\/v2\/pages\/7\/revisions\/3315"}],"wp:attachment":[{"href":"https:\/\/gs-pfingstweide.de\/index.php?rest_route=%2Fwp%2Fv2%2Fmedia&parent=7"}],"curies":[{"name":"wp","href":"https:\/\/api.w.org\/{rel}","templated":true}]}}