{"id":8,"date":"2017-07-28T13:54:16","date_gmt":"2017-07-28T11:54:16","guid":{"rendered":"http:\/\/gs-pfingstweide.de\/?page_id=8"},"modified":"2026-01-13T09:50:06","modified_gmt":"2026-01-13T08:50:06","slug":"ueber-mich","status":"publish","type":"page","link":"https:\/\/gs-pfingstweide.de\/?page_id=8","title":{"rendered":"\u00dcber uns"},"content":{"rendered":"\n<p><strong>Sch\u00fclerinnen und Sch\u00fcler:<\/strong><\/p>\n\n\n\n<p>Derzeit besuchen etwa 270 Sch\u00fclerinnen und Sch\u00fcler die 14 Klassen unserer Grundschule.<\/p>\n\n\n\n<p><strong>Kollegium:<\/strong><\/p>\n\n\n\n<p>25 Kolleginnen und Kollegen unterrichten an unserer Schule.<\/p>\n\n\n\n<figure class=\"wp-block-image size-full is-resized\"><img loading=\"lazy\" decoding=\"async\" width=\"821\" height=\"140\" src=\"https:\/\/gs-pfingstweide.de\/wp-content\/uploads\/2024\/09\/image.png\" alt=\"\" class=\"wp-image-2573\" style=\"width:674px;height:auto\" srcset=\"https:\/\/gs-pfingstweide.de\/wp-content\/uploads\/2024\/09\/image.png 821w, https:\/\/gs-pfingstweide.de\/wp-content\/uploads\/2024\/09\/image-300x51.png 300w, https:\/\/gs-pfingstweide.de\/wp-content\/uploads\/2024\/09\/image-768x131.png 768w\" sizes=\"auto, (max-width: 767px) 89vw, (max-width: 1000px) 54vw, (max-width: 1071px) 543px, 580px\" \/><\/figure>\n\n\n\n<p><strong>Schulsozialarbeiterin:<\/strong><\/p>\n\n\n\n<p>Unsere Schulsozialarbeiterin hei\u00dft Susanne Barchet.<br>Tel.: 0151-14581454<br>Mail: susanne.barchet@ludwigshafen.de<\/p>\n\n\n\n<p><strong>Schulelternbeirat:<\/strong><\/p>\n\n\n\n<p>Schulelternbeirat f\u00fcr die Schuljahre 2024\/25 und 2025\/26:<\/p>\n\n\n\n<p>Schulelternsprecherin:&nbsp; &nbsp; &nbsp; Rebecca Agnese<br>Stellvertreter:&nbsp; &nbsp; &nbsp; &nbsp; &nbsp; &nbsp; &nbsp; &nbsp; &nbsp; &nbsp; &nbsp;    Thorsten Pfeifer<br>Weitere Mitglieder:&nbsp; &nbsp; &nbsp; &nbsp; &nbsp; &nbsp;&nbsp; Adnan Sizi, Aylin Balci, Denise K\u00f6nig<br>StellvertreterInnen:&nbsp; &nbsp; &nbsp; &nbsp; &nbsp; &nbsp; Chantal Stroh, Linda Benghanem-Bendjaffer, <br>                                                       Alexandra Tonic<\/p>\n\n\n\n<p><strong>F\u00f6rderverein der Grundschule Pfingstweide e.V.<\/strong><\/p>\n\n\n\n<p>1. Vorsitzende:&nbsp;Elke Amberger<br>2. Vorsitzende: Alexandra Rexroth<\/p>\n\n\n\n<p><\/p>\n","protected":false},"excerpt":{"rendered":"<p>Sch\u00fclerinnen und Sch\u00fcler: Derzeit besuchen etwa 270 Sch\u00fclerinnen und Sch\u00fcler die 14 Klassen unserer Grundschule. Kollegium: 25 Kolleginnen und Kollegen unterrichten an unserer Schule. Schulsozialarbeiterin: Unsere Schulsozialarbeiterin hei\u00dft Susanne Barchet.Tel.: 0151-14581454Mail: susanne.barchet@ludwigshafen.de Schulelternbeirat: Schulelternbeirat f\u00fcr die Schuljahre 2024\/25 und 2025\/26: Schulelternsprecherin:&nbsp; &nbsp; &nbsp; Rebecca AgneseStellvertreter:&nbsp; &nbsp; &nbsp; &nbsp; &nbsp; &nbsp; &nbsp; &nbsp; &nbsp; &nbsp; &nbsp; &hellip; <\/p>\n<p class=\"link-more\"><a href=\"https:\/\/gs-pfingstweide.de\/?page_id=8\" class=\"more-link\"><span class=\"screen-reader-text\">\u201e\u00dcber uns\u201c <\/span>weiterlesen<\/a><\/p>\n","protected":false},"author":1,"featured_media":0,"parent":0,"menu_order":0,"comment_status":"closed","ping_status":"closed","template":"","meta":{"footnotes":""},"class_list":["post-8","page","type-page","status-publish","hentry"],"_links":{"self":[{"href":"https:\/\/gs-pfingstweide.de\/index.php?rest_route=\/wp\/v2\/pages\/8","targetHints":{"allow":["GET"]}}],"collection":[{"href":"https:\/\/gs-pfingstweide.de\/index.php?rest_route=\/wp\/v2\/pages"}],"about":[{"href":"https:\/\/gs-pfingstweide.de\/index.php?rest_route=\/wp\/v2\/types\/page"}],"author":[{"embeddable":true,"href":"https:\/\/gs-pfingstweide.de\/index.php?rest_route=\/wp\/v2\/users\/1"}],"replies":[{"embeddable":true,"href":"https:\/\/gs-pfingstweide.de\/index.php?rest_route=%2Fwp%2Fv2%2Fcomments&post=8"}],"version-history":[{"count":35,"href":"https:\/\/gs-pfingstweide.de\/index.php?rest_route=\/wp\/v2\/pages\/8\/revisions"}],"predecessor-version":[{"id":3269,"href":"https:\/\/gs-pfingstweide.de\/index.php?rest_route=\/wp\/v2\/pages\/8\/revisions\/3269"}],"wp:attachment":[{"href":"https:\/\/gs-pfingstweide.de\/index.php?rest_route=%2Fwp%2Fv2%2Fmedia&parent=8"}],"curies":[{"name":"wp","href":"https:\/\/api.w.org\/{rel}","templated":true}]}}